13
What is the highest common factor of 880 and 57530?
110
Calculate the greatest common divisor of 5848 and 66776.
136
What is the highest common divisor of 6511492 and 52?
52
What is the greatest common factor of 7 and 28903?
7
What is the greatest common factor of 31903 and 122?
61
What is the highest common divisor of 315 and 73773?
63
What is the greatest common divisor of 544 and 115464?
136
Calculate the highest common divisor of 6318 and 221.
13
What is the highest common divisor of 9631 and 5?
1
What is the greatest common divisor of 90 and 759690?
90
What is the greatest common divisor of 609 and 24?
3
What is the highest common factor of 473830 and 98?
98
What is the highest common factor of 7600 and 175?
25
What is the highest common factor of 33202 and 1443?
13
Calculate the greatest common factor of 6250 and 28250.
250
What is the highest common divisor of 32425 and 150?
25
What is the highest common factor of 220 and 9570?
110
What is the greatest common factor of 549 and 1101?
3
Calculate the greatest common divisor of 24 and 91336.
8
Calculate the highest common divisor of 860936 and 72.
8
Calculate the highest common factor of 241120 and 352.
352
What is the highest common divisor of 78964 and 152?
76
What is the highest common divisor of 6946 and 26473?
23
Calculate the greatest common divisor of 830 and 55942.
166
Calculate the highest common factor of 130 and 4355.
65
Calculate the greatest common divisor of 632 and 584.
8
Calculate the greatest common factor of 471510 and 468.
234
What is the greatest common divisor of 188 and 661?
1
Calculate the greatest common divisor of 400 and 239900.
100
What is the greatest common factor of 96889 and 26?
13
Calculate the greatest common divisor of 404157 and 387.
129
What is the highest common factor of 2066768 and 77?
11
Calculate the greatest common factor of 18 and 95618.
2
What is the highest common divisor of 21 and 309162?
21
Calculate the greatest common divisor of 85070 and 1880.
470
What is the greatest common divisor of 4776 and 6936?
24
Calculate the greatest common divisor of 2193584 and 2256.
752
What is the greatest common factor of 270888 and 96?
24
Calculate the greatest common divisor of 355 and 10.
5
What is the greatest common divisor of 1526016 and 24?
24
Calculate the highest common divisor of 5225 and 14795.
55
What is the highest common divisor of 27507 and 8477?
173
Calculate the greatest common factor of 96765 and 75.
15
What is the greatest common factor of 20907 and 828?
207
Calculate the highest common divisor of 154 and 191506.
14
Calculate the greatest common factor of 798612 and 122.
122
What is the highest common factor of 35 and 9107?
7
What is the greatest common factor of 48500 and 2328?
388
Calculate the greatest common factor of 1568 and 848.
16
Calculate the highest common factor of 68 and 876.
4
What is the highest common divisor of 102 and 2118353?
17
Calculate the greatest common factor of 272 and 247792.
272
What is the highest common divisor of 11192996 and 276?
92
What is the highest common divisor of 6877 and 294653?
529
What is the greatest common divisor of 69932 and 8?
4
What is the greatest common factor of 588110 and 70?
10
What is the greatest common factor of 322 and 1178198?
322
Calculate the greatest common divisor of 1932473 and 5365.
1073
Calculate the greatest common divisor of 48990 and 852.
426
Calculate the highest common divisor of 24386 and 1370.
274
Calculate the highest common divisor of 267942 and 6.
6
What is the highest common factor of 21811 and 153?
17
Calculate the greatest common factor of 31598 and 444.
74
Calculate the highest common factor of 362 and 180457.
181
Calculate the greatest common factor of 1400824 and 24.
8
What is the highest common divisor of 245858 and 2?
2
What is the greatest common factor of 6853 and 356?
89
Calculate the greatest common divisor of 1159662 and 70.
14
Calculate the greatest common divisor of 55 and 5815.
5
What is the greatest common factor of 1898033 and 622?
311
What is the greatest common factor of 289302 and 507?
39
What is the highest common divisor of 3531317 and 37?
37
What is the highest common divisor of 825090 and 21?
21
Calculate the highest common factor of 67615 and 20.
5
What is the greatest common divisor of 11 and 286484?
11
What is the greatest common factor of 40004 and 3650?
146
What is the highest common divisor of 3714492 and 12?
12
Calculate the greatest common divisor of 14575 and 10.
5
What is the greatest common divisor of 57495 and 15?
15
Calculate the highest common divisor of 135 and 114021.
27
Calculate the greatest common divisor of 681 and 5655251.
227
Calculate the greatest common factor of 2784 and 608.
32
Calculate the greatest common divisor of 322619 and 139.
139
Calculate the greatest common factor of 249299 and 19.
19
What is the greatest common divisor of 14089 and 8103?
73
Calculate the highest common factor of 1450 and 54578.
58
What is the greatest common divisor of 226 and 418?
2
What is the greatest common factor of 106793 and 397?
397
What is the greatest common factor of 504 and 1992?
24
Calculate the greatest common divisor of 240 and 1814320.
80
What is the highest common divisor of 1625 and 72800?
325
What is the highest common factor of 10253 and 27?
1
What is the greatest common factor of 1128 and 52593?
141
Calculate the greatest common factor of 107557 and 1298.
59
What is the greatest common divisor of 1921 and 2227?
17
What is the greatest common factor of 1768 and 26312?
104
What is the highest common divisor of 42375 and 750?
375
What is the greatest common factor of 24665 and 15?
5
Calculate the highest common divisor of 11571 and 4389.
399
What is the greatest common factor of 16702 and 112?
14
Calculate the highest common factor of 184 and 121785.
23
Calculate the greatest common factor of 468 and 17667.
117
Calculate the greatest common factor of 27972 and 45.
9
What is the greatest common factor of 53 and 31482?
53
Calculate the greatest common divisor of 100 and 34508.
4
Calculate the highest common factor of 112544 and 976.
16
Calculate the highest common factor of 1611970 and 662.
662
Calculate the highest common factor of 122 and 485499.
61
Calculate the greatest common divisor of 478895 and 19.
19
Calculate the greatest common factor of 28 and 73.
1
Calculate the highest common divisor of 78625 and 74.
37
Calculate the greatest common divisor of 138 and 8081004.
138
What is the highest common divisor of 1819 and 34?
17
What is the greatest common divisor of 4148 and 255?
17
What is the greatest common divisor of 36 and 46140?
12
Calculate the greatest common divisor of 22 and 52272.
22
What is the highest common factor of 16867 and 835?
167
What is the greatest common divisor of 308067 and 348?
87
Calculate the greatest common factor of 2344 and 1048.
8
Calculate the highest common factor of 142 and 2374.
2
Calculate the highest common divisor of 2457 and 351.
351
Calculate the highest common factor of 11268 and 5400.
36
Calculate the highest common factor of 2 and 10862.
2
Calculate the highest common divisor of 154 and 2792174.
154
Calculate the highest common factor of 3 and 4803.
3
What is the highest common factor of 15457 and 123?
41
Calculate the highest common factor of 3280 and 131856.
656
Calculate the greatest common factor of 1374016 and 112.
112
Calculate the highest common divisor of 1340 and 189476.
268
Calculate the highest common factor of 144 and 9552.
48
What is the greatest common factor of 3753774 and 214?
214
What is the highest common factor of 2700 and 250?
50
What is the highest common divisor of 40 and 724?
4
What is the greatest common factor of 1071600 and 19?
19
What is the highest common factor of 2572 and 211547?
643
Calculate the greatest common factor of 35706 and 33.
33
What is the highest common divisor of 87244 and 1564?
68
Calculate the greatest common divisor of 8703 and 441.
9
Calculate the greatest common factor of 1457 and 15698.
47
Calculate the greatest common factor of 21 and 21175.
7
What is the greatest common divisor of 1840 and 107732?
92
Calculate the greatest common factor of 2379 and 26962.
793
Calculate the highest common divisor of 874276 and 52.
52
Cal